 the greatest common factor of 128936 and 284.
284
Calculate the greatest common divisor of 17 and 13.
1
Calculate the highest common divisor of 65 and 10.
5
Calculate the highest common divisor of 711 and 9.
9
Calculate the highest common factor of 252 and 567.
63
Calculate the highest common factor of 13 and 5.
1
What is the highest common factor of 38 and 152?
38
What is the highest common factor of 610 and 30?
10
What is the greatest common divisor of 10148 and 172?
172
Calculate the greatest common factor of 128 and 3456.
128
Calculate the greatest common factor of 224 and 16.
16
Calculate the highest common factor of 69 and 322.
23
Calculate the highest common divisor of 459 and 27.
27
What is the greatest common factor of 1309 and 99?
11
Calculate the greatest common divisor of 7 and 350.
7
What is the highest common divisor of 10 and 65?
5
What is the greatest common factor of 34512 and 48?
48
Calculate the greatest common factor of 874 and 230.
46
Calculate the highest common factor of 225 and 3150.
225
Calculate the highest common factor of 53 and 9.
1
What is the greatest common factor of 88 and 88?
88
What is the highest common factor of 54 and 30?
6
Calculate the greatest common factor of 20 and 3785.
5
Calculate the greatest common divisor of 33 and 77.
11
Calculate the highest common divisor of 43 and 731.
43
What is the highest common divisor of 34433 and 7?
7
Calculate the greatest common divisor of 104 and 5902.
26
Calculate the greatest common factor of 3816 and 1008.
72
Calculate the highest common factor of 35 and 55.
5
What is the greatest common divisor of 1852 and 32?
4
Calculate the greatest common divisor of 4 and 5.
1
What is the highest common divisor of 39 and 871?
13
Calculate the highest common factor of 7 and 1869.
7
What is the greatest common divisor of 124 and 1426?
62
What is the highest common factor of 750 and 162?
6
Calculate the highest common factor of 9193 and 58.
29
Calculate the highest common factor of 1110 and 165.
15
Calculate the highest common divisor of 354 and 1357.
59
Calculate the highest common divisor of 3 and 1707.
3
Calculate the highest common divisor of 198 and 297.
99
What is the highest common divisor of 2865 and 75?
15
What is the greatest common divisor of 996 and 12?
12
What is the highest common factor of 2636 and 4?
4
What is the highest common factor of 507 and 117?
39
What is the greatest common divisor of 3398 and 2?
2
Calculate the greatest common divisor of 128 and 4.
4
Calculate the greatest common factor of 61 and 2257.
61
What is the highest common factor of 658 and 14?
14
What is the greatest common divisor of 63 and 567?
63
Calculate the highest common factor of 1752 and 552.
24
What is the greatest common factor of 25414 and 524?
262
What is the greatest common divisor of 1313 and 1212?
101
Calculate the highest common factor of 242 and 308.
22
What is the highest common factor of 3 and 27?
3
Calculate the highest common divisor of 136 and 34.
34
What is the greatest common factor of 1620 and 1485?
135
What is the highest common divisor of 22 and 1122?
22
Calculate the greatest common divisor of 152 and 38.
38
What is the highest common divisor of 10 and 545?
5
Calculate the highest common divisor of 282 and 141.
141
Calculate the highest common divisor of 93 and 3.
3
What is the greatest common factor of 328 and 16?
8
What is the highest common divisor of 7112 and 112?
56
Calculate the greatest common divisor of 33 and 1837.
11
Calculate the highest common divisor of 1926 and 18.
18
Calculate the greatest common factor of 24 and 6824.
8
Calculate the greatest common factor of 546 and 21.
21
What is the greatest common factor of 120 and 768?
24
What is the greatest common factor of 39 and 384?
3
What is the greatest common divisor of 444 and 12?
12
What is the highest common divisor of 133 and 19?
19
Calculate the greatest common factor of 4672 and 64.
64
Calculate the highest common factor of 315 and 333.
9
What is the greatest common divisor of 151 and 2?
1
Calculate the highest common divisor of 72 and 828.
36
Calculate the highest common factor of 9668 and 4.
4
What is the highest common divisor of 12 and 9?
3
Calculate the greatest common divisor of 57 and 6.
3
What is the greatest common divisor of 72 and 9702?
18
What is the greatest common divisor of 48 and 64?
16
What is the highest common factor of 291 and 194?
97
Calculate the greatest common factor of 292 and 12.
4
Calculate the highest common factor of 448 and 7.
7
What is the highest common factor of 126 and 36?
18
Calculate the highest common factor of 11736 and 9.
9
Calculate the highest common divisor of 3 and 237.
3
What is the highest common factor of 414 and 1044?
18
What is the highest common factor of 5 and 5455?
5
What is the highest common divisor of 1256 and 2041?
157
Calculate the greatest common divisor of 850 and 400.
50
What is the greatest common divisor of 1400 and 1075?
25
Calculate the highest common factor of 12 and 1866.
6
What is the highest common divisor of 16 and 752?
16
Calculate the greatest common divisor of 8 and 128.
8
What is the greatest common factor of 6 and 3084?
6
Calculate the greatest common factor of 16 and 28.
4
What is the greatest common factor of 97 and 8051?
97
Calculate the highest common factor of 390 and 180.
30
What is the highest common divisor of 1166 and 22?
22
What is the highest common divisor of 11067 and 51?
51
Calculate the greatest common factor of 30 and 405.
15
Calculate the greatest common divisor of 31 and 1519.
31
Calculate the highest common divisor of 117 and 729.
9
Calculate the greatest common divisor of 40 and 8.
8
Calculate the greatest common divisor of 1176 and 24.
24
Calculate the highest common factor of 47306 and 124.
62
What is the greatest common factor of 1 and 44?
1
What is the greatest common factor of 403 and 372?
31
What is the greatest common divisor of 9306 and 198?
198
Calculate the highest common divisor of 141 and 4371.
141
Calculate the highest common factor of 525 and 42.
21
Calculate the greatest common divisor of 1230 and 510.
30
What is the greatest common divisor of 320 and 10?
10
What is the greatest common factor of 648 and 48?
24
Calculate the greatest common divisor of 24 and 84.
12
Calculate the greatest common divisor of 45 and 18.
9
What is the highest common divisor of 23 and 368?
23
What is the highest common factor of 130 and 52?
26
What is the greatest common divisor of 80 and 550?
10
Calculate the greatest common factor of 12 and 5836.
4
What is the greatest common divisor of 10 and 2?
2
Calculate the highest common factor of 3 and 111.
3
What is the greatest common divisor of 1032 and 24?
24
What is the highest common divisor of 40 and 810?
10
Calculate the greatest common factor of 75 and 800.
25
What is the highest common divisor of 2236 and 156?
52
Calculate the greatest common divisor of 180 and 3900.
60
What is the greatest common divisor of 1725 and 150?
75
What is the highest common divisor of 180 and 50?
10
Calculate the highest common factor of 160 and 1460.
20
What is the highest common factor of 198 and 726?
66
What is the highest common factor of 475 and 665?
95
What is the highest common factor of 4071 and 118?
59
Calculate the greatest common divisor of 10 and 1285.
5
What is the greatest common factor of 36 and 702?
18
Calculate the highest common divisor of 130 and 10.
10
Calculate the greatest common divisor of 196 and 245.
49
Calculate the greatest common factor of 147 and 392.
49
What is the greatest common divisor of 37 and 333?
37
Calculate the greatest common divisor of 61 and 1647.
61
Calculate the greatest common factor of 1690 and 40.
10
What is the greatest common divisor of 4316 and 572?
52
Calculate the highest common factor of 406 and 174.
58
Calculate the greatest common factor of 12362 and 14.
14
Calculate the greatest common factor of 452 and 4.
4
What is the greatest common factor of 286 and 121?
11
Calculate the highest common factor of 18 and 42.
6
What is the highest common factor of 1925 and 28?
7
What is the greatest common factor of 126 and 70?
14
Calculate the highest common divisor of 15 and 615.
15
Calculate the highest common factor of 36 and 1152.
36
Wha